{"id":63,"date":"2025-09-15T15:10:05","date_gmt":"2025-09-15T15:10:05","guid":{"rendered":"https:\/\/naturalezasociedadarte.artes.udelar.edu.uy\/?page_id=63"},"modified":"2025-10-22T17:08:54","modified_gmt":"2025-10-22T17:08:54","slug":"formacion","status":"publish","type":"page","link":"https:\/\/naturalezasociedadarte.artes.udelar.edu.uy\/?page_id=63","title":{"rendered":"Formaci\u00f3n"},"content":{"rendered":"\t\t<div data-elementor-type=\"wp-page\" data-elementor-id=\"63\" class=\"elementor elementor-63\">\n\t\t\t\t<div class=\"elementor-element elementor-element-2f6f46f e-con-full e-flex e-con e-parent\" data-id=\"2f6f46f\" data-element_type=\"container\">\n\t\t\t\t<div class=\"elementor-element elementor-element-7d66ece elementor-widget elementor-widget-heading\" data-id=\"7d66ece\" data-element_type=\"widget\" data-widget_type=\"heading.default\">\n\t\t\t\t<div class=\"elementor-widget-container\">\n\t\t\t\t\t<h2 class=\"elementor-heading-title elementor-size-default\">Formaci\u00f3n<\/h2>\t\t\t\t<\/div>\n\t\t\t\t<\/div>\n\t\t\t\t<\/div>\n\t\t<div class=\"elementor-element elementor-element-408afb7 e-flex e-con-boxed e-con e-parent\" data-id=\"408afb7\" data-element_type=\"container\">\n\t\t\t\t\t<div class=\"e-con-inner\">\n\t\t\t\t<div class=\"elementor-element elementor-element-5a292d6 elementor-widget elementor-widget-heading\" data-id=\"5a292d6\" data-element_type=\"widget\" data-widget_type=\"heading.default\">\n\t\t\t\t<div class=\"elementor-widget-container\">\n\t\t\t\t\t<h2 class=\"elementor-heading-title elementor-size-default\">2025<\/h2>\t\t\t\t<\/div>\n\t\t\t\t<\/div>\n\t\t\t\t\t<\/div>\n\t\t\t\t<\/div>\n\t\t<div class=\"elementor-element elementor-element-11f26b8 e-flex e-con-boxed e-con e-parent\" data-id=\"11f26b8\" data-element_type=\"container\">\n\t\t\t\t\t<div class=\"e-con-inner\">\n\t\t\t\t<div class=\"elementor-element elementor-element-b45aedc elementor-widget__width-initial elementor-widget elementor-widget-image\" data-id=\"b45aedc\" data-element_type=\"widget\" data-widget_type=\"image.default\">\n\t\t\t\t<div class=\"elementor-widget-container\">\n\t\t\t\t\t\t\t\t\t\t\t\t\t\t\t<img fetchpriority=\"high\" decoding=\"async\" width=\"867\" height=\"1024\" src=\"https:\/\/naturalezasociedadarte.artes.udelar.edu.uy\/wp-content\/uploads\/2025\/10\/2025_LAB_BORDADO_MALVIN-867x1024.jpg\" class=\"attachment-large size-large wp-image-155\" alt=\"\" srcset=\"https:\/\/naturalezasociedadarte.artes.udelar.edu.uy\/wp-content\/uploads\/2025\/10\/2025_LAB_BORDADO_MALVIN-867x1024.jpg 867w, https:\/\/naturalezasociedadarte.artes.udelar.edu.uy\/wp-content\/uploads\/2025\/10\/2025_LAB_BORDADO_MALVIN-254x300.jpg 254w, https:\/\/naturalezasociedadarte.artes.udelar.edu.uy\/wp-content\/uploads\/2025\/10\/2025_LAB_BORDADO_MALVIN-768x907.jpg 768w, https:\/\/naturalezasociedadarte.artes.udelar.edu.uy\/wp-content\/uploads\/2025\/10\/2025_LAB_BORDADO_MALVIN-1300x1536.jpg 1300w, https:\/\/naturalezasociedadarte.artes.udelar.edu.uy\/wp-content\/uploads\/2025\/10\/2025_LAB_BORDADO_MALVIN-1734x2048.jpg 1734w\" sizes=\"(max-width: 867px) 100vw, 867px\" \/>\t\t\t\t\t\t\t\t\t\t\t\t\t\t\t<\/div>\n\t\t\t\t<\/div>\n\t\t<div class=\"elementor-element elementor-element-79fe873 e-con-full e-flex e-con e-child\" data-id=\"79fe873\" data-element_type=\"container\">\n\t\t\t\t<div class=\"elementor-element elementor-element-e3b2c1a elementor-widget elementor-widget-text-editor\" data-id=\"e3b2c1a\" data-element_type=\"widget\" data-widget_type=\"text-editor.default\">\n\t\t\t\t<div class=\"elementor-widget-container\">\n\t\t\t\t\t\t\t\t\t<p><strong>TALLER DE BORDADO y APLIQUE &#8220;BESTIARIO DE MALV\u00cdN NORTE&#8221;<\/strong><br \/><strong>\ud83d\udccdUrbano Este (Mallorca y Pir\u00e1n)<\/strong><br \/><strong>\ud83d\uddd3\ufe0f Lunes 20\/10 al 10\/11, de 14 a 16 h<\/strong><\/p><p>\u00a0<\/p><p>El lunes 20 de octubre comienza este taller, donde podr\u00e1s aprender o practicar t\u00e9cnicas b\u00e1sicas de bordado y aplique. Durante cuatro lunes de 14 a 16 h trabajaremos en la producci\u00f3n de algunas piezas textiles de gran tama\u00f1o, que representan criaturas fant\u00e1sticas inspiradas en la vida cotidiana de Malv\u00edn Norte y juntas componen el Bestiario de Malv\u00edn Norte.<\/p><p>\u00a0<\/p><p>Actividad sin costo para adolescentes y adultxs. No se requiere experiencia previa.<br \/>Invita: Proyecto Bestiario Malv\u00edn Norte (Fac Artes y Fac Ciencias, Universidad de la Rep\u00fablica)<\/p>\t\t\t\t\t\t\t\t<\/div>\n\t\t\t\t<\/div>\n\t\t\t\t<\/div>\n\t\t\t\t\t<\/div>\n\t\t\t\t<\/div>\n\t\t<div class=\"elementor-element elementor-element-2dd9fe6 e-flex e-con-boxed e-con e-parent\" data-id=\"2dd9fe6\" data-element_type=\"container\">\n\t\t\t\t\t<div class=\"e-con-inner\">\n\t\t\t\t<div class=\"elementor-element elementor-element-466f37d elementor-widget-divider--view-line elementor-widget elementor-widget-divider\" data-id=\"466f37d\" data-element_type=\"widget\" data-widget_type=\"divider.default\">\n\t\t\t\t<div class=\"elementor-widget-container\">\n\t\t\t\t\t\t\t<div class=\"elementor-divider\">\n\t\t\t<span class=\"elementor-divider-separator\">\n\t\t\t\t\t\t<\/span>\n\t\t<\/div>\n\t\t\t\t\t\t<\/div>\n\t\t\t\t<\/div>\n\t\t\t\t\t<\/div>\n\t\t\t\t<\/div>\n\t\t<div class=\"elementor-element elementor-element-18725b5 e-flex e-con-boxed e-con e-parent\" data-id=\"18725b5\" data-element_type=\"container\">\n\t\t\t\t\t<div class=\"e-con-inner\">\n\t\t\t\t<div class=\"elementor-element elementor-element-2095196 elementor-widget__width-initial elementor-widget elementor-widget-image\" data-id=\"2095196\" data-element_type=\"widget\" data-widget_type=\"image.default\">\n\t\t\t\t<div class=\"elementor-widget-container\">\n\t\t\t\t\t\t\t\t\t\t\t\t\t\t\t<img decoding=\"async\" width=\"867\" height=\"1024\" src=\"https:\/\/naturalezasociedadarte.artes.udelar.edu.uy\/wp-content\/uploads\/2025\/10\/LabBordadoTallerLopez-867x1024.jpeg\" class=\"attachment-large size-large wp-image-157\" alt=\"\" srcset=\"https:\/\/naturalezasociedadarte.artes.udelar.edu.uy\/wp-content\/uploads\/2025\/10\/LabBordadoTallerLopez-867x1024.jpeg 867w, https:\/\/naturalezasociedadarte.artes.udelar.edu.uy\/wp-content\/uploads\/2025\/10\/LabBordadoTallerLopez-254x300.jpeg 254w, https:\/\/naturalezasociedadarte.artes.udelar.edu.uy\/wp-content\/uploads\/2025\/10\/LabBordadoTallerLopez-768x908.jpeg 768w, https:\/\/naturalezasociedadarte.artes.udelar.edu.uy\/wp-content\/uploads\/2025\/10\/LabBordadoTallerLopez-1300x1536.jpeg 1300w, https:\/\/naturalezasociedadarte.artes.udelar.edu.uy\/wp-content\/uploads\/2025\/10\/LabBordadoTallerLopez.jpeg 1354w\" sizes=\"(max-width: 867px) 100vw, 867px\" \/>\t\t\t\t\t\t\t\t\t\t\t\t\t\t\t<\/div>\n\t\t\t\t<\/div>\n\t\t<div class=\"elementor-element elementor-element-97bfd9a e-con-full e-flex e-con e-child\" data-id=\"97bfd9a\" data-element_type=\"container\">\n\t\t\t\t<div class=\"elementor-element elementor-element-27b1ffa elementor-widget elementor-widget-text-editor\" data-id=\"27b1ffa\" data-element_type=\"widget\" data-widget_type=\"text-editor.default\">\n\t\t\t\t<div class=\"elementor-widget-container\">\n\t\t\t\t\t\t\t\t\t<p>\ud83e\uddf5<strong>LABORATORIO DE BORDADO &#8220;BESTIARIO DE MALV\u00cdN NORTE&#8221;\ud83e\udea1<\/strong><\/p><p><strong>\ud83d\udccdSal\u00f3n 218, Taller L\u00f3pez, Facultad de Artes, 18 de julio 1772<br \/>\ud83d\uddd3\ufe0f Lunes 14 a 16:30 h<\/strong><\/p><p>\u00a0<\/p><p>Desde el 2020 un equipo de docentes y estudiantes de varias facultades trabajamos en la investigaci\u00f3n participativa de problem\u00e1ticas ambientales en Malv\u00edn Norte, a trav\u00e9s de la integraci\u00f3n de la ciencia y el arte. Actualmente desarrollamos el proyecto &#8220;Bestiario de Malv\u00edn Norte&#8221;, que sintetiza en la figura de criaturas fant\u00e1sticas, diferentes tensiones y conflictos entre animales en el territorio. En este semestre estamos completando la producci\u00f3n de una serie de estandartes textiles con las &#8220;bestias&#8221;. Estas im\u00e1genes han surgido del intercambio con vecinos y vecinas de distintas edades y los estandartes se utilizar\u00e1n como objetos de mediaci\u00f3n para continuar abordando problemas ambientales y de convivencia en el barrio.<\/p><p>\u00a0<\/p><p>Nota: Este es un espacio en donde el aprendizaje es fundamentalmente t\u00e9cnico, no es un espacio de creaci\u00f3n individual ya que se trabaja bordando piezas que ya han sido dise\u00f1adas. Hay un margen de trabajo colectivo para definir elementos de color y terminaciones, pero no es un curso adecuado para quienes buscar hacer su propia obra.<\/p>\t\t\t\t\t\t\t\t<\/div>\n\t\t\t\t<\/div>\n\t\t\t\t<\/div>\n\t\t\t\t\t<\/div>\n\t\t\t\t<\/div>\n\t\t<div class=\"elementor-element elementor-element-d8cfb2d e-flex e-con-boxed e-con e-parent\" data-id=\"d8cfb2d\" data-element_type=\"container\">\n\t\t\t\t\t<div class=\"e-con-inner\">\n\t\t\t\t<div class=\"elementor-element elementor-element-998419e elementor-widget-divider--view-line elementor-widget elementor-widget-divider\" data-id=\"998419e\" data-element_type=\"widget\" data-widget_type=\"divider.default\">\n\t\t\t\t<div class=\"elementor-widget-container\">\n\t\t\t\t\t\t\t<div class=\"elementor-divider\">\n\t\t\t<span class=\"elementor-divider-separator\">\n\t\t\t\t\t\t<\/span>\n\t\t<\/div>\n\t\t\t\t\t\t<\/div>\n\t\t\t\t<\/div>\n\t\t\t\t\t<\/div>\n\t\t\t\t<\/div>\n\t\t<div class=\"elementor-element elementor-element-dfcd2a9 e-flex e-con-boxed e-con e-parent\" data-id=\"dfcd2a9\" data-element_type=\"container\">\n\t\t\t\t\t<div class=\"e-con-inner\">\n\t\t\t\t<div class=\"elementor-element elementor-element-ac3667a elementor-widget__width-initial elementor-widget elementor-widget-image\" data-id=\"ac3667a\" data-element_type=\"widget\" data-widget_type=\"image.default\">\n\t\t\t\t<div class=\"elementor-widget-container\">\n\t\t\t\t\t\t\t\t\t\t\t\t\t\t\t<img decoding=\"async\" width=\"724\" height=\"1024\" src=\"https:\/\/naturalezasociedadarte.artes.udelar.edu.uy\/wp-content\/uploads\/2025\/10\/TallerBordadoMalvin01-724x1024.jpeg\" class=\"attachment-large size-large wp-image-158\" alt=\"\" srcset=\"https:\/\/naturalezasociedadarte.artes.udelar.edu.uy\/wp-content\/uploads\/2025\/10\/TallerBordadoMalvin01-724x1024.jpeg 724w, https:\/\/naturalezasociedadarte.artes.udelar.edu.uy\/wp-content\/uploads\/2025\/10\/TallerBordadoMalvin01-212x300.jpeg 212w, https:\/\/naturalezasociedadarte.artes.udelar.edu.uy\/wp-content\/uploads\/2025\/10\/TallerBordadoMalvin01-768x1086.jpeg 768w, https:\/\/naturalezasociedadarte.artes.udelar.edu.uy\/wp-content\/uploads\/2025\/10\/TallerBordadoMalvin01-1086x1536.jpeg 1086w, https:\/\/naturalezasociedadarte.artes.udelar.edu.uy\/wp-content\/uploads\/2025\/10\/TallerBordadoMalvin01.jpeg 1131w\" sizes=\"(max-width: 724px) 100vw, 724px\" \/>\t\t\t\t\t\t\t\t\t\t\t\t\t\t\t<\/div>\n\t\t\t\t<\/div>\n\t\t<div class=\"elementor-element elementor-element-9a2536e e-con-full e-flex e-con e-child\" data-id=\"9a2536e\" data-element_type=\"container\">\n\t\t\t\t<div class=\"elementor-element elementor-element-472d7b2 elementor-widget elementor-widget-text-editor\" data-id=\"472d7b2\" data-element_type=\"widget\" data-widget_type=\"text-editor.default\">\n\t\t\t\t<div class=\"elementor-widget-container\">\n\t\t\t\t\t\t\t\t\t<div><strong>TALLER DE BORDADO &#8220;BESTIARIO DE MALV\u00cdN NORTE&#8221;<br \/>\ud83d\udccdUrbano Este (Mallorca y Pir\u00e1n)<\/strong><br \/><strong>\ud83d\uddd3\ufe0fLunes de 14:00 a 16:30 h<\/strong><\/div><div>\u00a0<\/div><p>Desde el 21 de abril, todos los lunes nos juntamos a bordar criaturas fant\u00e1sticas inspiradas en la vida cotidiana de Malv\u00edn Norte.<\/p><p>Charla informativa: <strong>Lunes 7 de abril, 14 h<\/strong><\/p><p>\u00a0<\/p><p>En una nueva actividad del proyecto Bestiario de Malv\u00edn Norte, estaremos bordando una serie de estandartes de gran tama\u00f1o, con las figuras de &#8220;criaturas fant\u00e1sticas&#8221; de Malv\u00edn Norte. Estas figuras, que combinan la realidad y la fantas\u00eda, son el resultado de un proceso de trabajo con organizaciones educativas y sociales del barrio (2022-2023), en donde exploramos las diferentes din\u00e1micas y tensiones presentes en el territorio relacionadas a la convivencia entre distintas especies animales, incluyendo en esta categor\u00eda a los seres humanos. En el Taller de bordado participan vecinas del barrio, y ahora estamos abriendo a la participaci\u00f3n de otras personas interesadas bien en la tem\u00e1tica, bien en la t\u00e9cnica del bordado artesanal.<\/p><p>\u00a0<\/p><p>Actividad sin costo para adolescentes y adultxs. No se requiere experiencia previa.<\/p><p>Invita: Proyecto Bestiario Malv\u00edn Norte (Fac Artes y Fac Ciencias, Universidad de la Rep\u00fablica)<\/p>\t\t\t\t\t\t\t\t<\/div>\n\t\t\t\t<\/div>\n\t\t\t\t<\/div>\n\t\t\t\t\t<\/div>\n\t\t\t\t<\/div>\n\t\t<div class=\"elementor-element elementor-element-698bd08 e-flex e-con-boxed e-con e-parent\" data-id=\"698bd08\" data-element_type=\"container\">\n\t\t\t\t\t<div class=\"e-con-inner\">\n\t\t\t\t<div class=\"elementor-element elementor-element-b87de18 elementor-widget-divider--view-line elementor-widget elementor-widget-divider\" data-id=\"b87de18\" data-element_type=\"widget\" data-widget_type=\"divider.default\">\n\t\t\t\t<div class=\"elementor-widget-container\">\n\t\t\t\t\t\t\t<div class=\"elementor-divider\">\n\t\t\t<span class=\"elementor-divider-separator\">\n\t\t\t\t\t\t<\/span>\n\t\t<\/div>\n\t\t\t\t\t\t<\/div>\n\t\t\t\t<\/div>\n\t\t\t\t\t<\/div>\n\t\t\t\t<\/div>\n\t\t<div class=\"elementor-element elementor-element-dea8905 e-flex e-con-boxed e-con e-parent\" data-id=\"dea8905\" data-element_type=\"container\">\n\t\t\t\t\t<div class=\"e-con-inner\">\n\t\t\t\t<div class=\"elementor-element elementor-element-3adaf4f elementor-widget elementor-widget-heading\" data-id=\"3adaf4f\" data-element_type=\"widget\" data-widget_type=\"heading.default\">\n\t\t\t\t<div class=\"elementor-widget-container\">\n\t\t\t\t\t<h2 class=\"elementor-heading-title elementor-size-default\">2023<\/h2>\t\t\t\t<\/div>\n\t\t\t\t<\/div>\n\t\t\t\t\t<\/div>\n\t\t\t\t<\/div>\n\t\t\t\t<\/div>\n\t\t","protected":false},"excerpt":{"rendered":"<p>Formaci\u00f3n 2025 TALLER DE BORDADO y APLIQUE &#8220;BESTIARIO DE MALV\u00cdN NORTE&#8221;\ud83d\udccdUrbano Este (Mallorca y Pir\u00e1n)\ud83d\uddd3\ufe0f Lunes 20\/10 al 10\/11, de [&hellip;]<\/p>\n","protected":false},"author":2,"featured_media":0,"parent":0,"menu_order":0,"comment_status":"closed","ping_status":"closed","template":"","meta":{"site-sidebar-layout":"no-sidebar","site-content-layout":"","ast-site-content-layout":"full-width-container","site-content-style":"default","site-sidebar-style":"default","ast-global-header-display":"","ast-banner-title-visibility":"","ast-main-header-display":"","ast-hfb-above-header-display":"","ast-hfb-below-header-display":"","ast-hfb-mobile-header-display":"","site-post-title":"disabled","ast-breadcrumbs-content":"","ast-featured-img":"disabled","footer-sml-layout":"","theme-transparent-header-meta":"","adv-header-id-meta":"","stick-header-meta":"","header-above-stick-meta":"","header-main-stick-meta":"","header-below-stick-meta":"","astra-migrate-meta-layouts":"default","ast-page-background-enabled":"default","ast-page-background-meta":{"desktop":{"background-color":"var(--ast-global-color-5)","background-image":"","background-repeat":"repeat","background-position":"center center","background-size":"auto","background-attachment":"scroll","background-type":"","background-media":"","overlay-type":"","overlay-color":"","overlay-opacity":"","overlay-gradient":""},"tablet":{"background-color":"","background-image":"","background-repeat":"repeat","background-position":"center center","background-size":"auto","background-attachment":"scroll","background-type":"","background-media":"","overlay-type":"","overlay-color":"","overlay-opacity":"","overlay-gradient":""},"mobile":{"background-color":"","background-image":"","background-repeat":"repeat","background-position":"center center","background-size":"auto","background-attachment":"scroll","background-type":"","background-media":"","overlay-type":"","overlay-color":"","overlay-opacity":"","overlay-gradient":""}},"ast-content-background-meta":{"desktop":{"background-color":"var(--ast-global-color-4)","background-image":"","background-repeat":"repeat","background-position":"center center","background-size":"auto","background-attachment":"scroll","background-type":"","background-media":"","overlay-type":"","overlay-color":"","overlay-opacity":"","overlay-gradient":""},"tablet":{"background-color":"var(--ast-global-color-4)","background-image":"","background-repeat":"repeat","background-position":"center center","background-size":"auto","background-attachment":"scroll","background-type":"","background-media":"","overlay-type":"","overlay-color":"","overlay-opacity":"","overlay-gradient":""},"mobile":{"background-color":"var(--ast-global-color-4)","background-image":"","background-repeat":"repeat","background-position":"center center","background-size":"auto","background-attachment":"scroll","background-type":"","background-media":"","overlay-type":"","overlay-color":"","overlay-opacity":"","overlay-gradient":""}},"footnotes":""},"class_list":["post-63","page","type-page","status-publish","hentry"],"_links":{"self":[{"href":"https:\/\/naturalezasociedadarte.artes.udelar.edu.uy\/index.php?rest_route=\/wp\/v2\/pages\/63","targetHints":{"allow":["GET"]}}],"collection":[{"href":"https:\/\/naturalezasociedadarte.artes.udelar.edu.uy\/index.php?rest_route=\/wp\/v2\/pages"}],"about":[{"href":"https:\/\/naturalezasociedadarte.artes.udelar.edu.uy\/index.php?rest_route=\/wp\/v2\/types\/page"}],"author":[{"embeddable":true,"href":"https:\/\/naturalezasociedadarte.artes.udelar.edu.uy\/index.php?rest_route=\/wp\/v2\/users\/2"}],"replies":[{"embeddable":true,"href":"https:\/\/naturalezasociedadarte.artes.udelar.edu.uy\/index.php?rest_route=%2Fwp%2Fv2%2Fcomments&post=63"}],"version-history":[{"count":13,"href":"https:\/\/naturalezasociedadarte.artes.udelar.edu.uy\/index.php?rest_route=\/wp\/v2\/pages\/63\/revisions"}],"predecessor-version":[{"id":235,"href":"https:\/\/naturalezasociedadarte.artes.udelar.edu.uy\/index.php?rest_route=\/wp\/v2\/pages\/63\/revisions\/235"}],"wp:attachment":[{"href":"https:\/\/naturalezasociedadarte.artes.udelar.edu.uy\/index.php?rest_route=%2Fwp%2Fv2%2Fmedia&parent=63"}],"curies":[{"name":"wp","href":"https:\/\/api.w.org\/{rel}","templated":true}]}}