{"id":27,"date":"2025-08-15T15:56:53","date_gmt":"2025-08-15T15:56:53","guid":{"rendered":"https:\/\/naturalezasociedadarte.artes.udelar.edu.uy\/?page_id=27"},"modified":"2025-10-22T16:42:11","modified_gmt":"2025-10-22T16:42:11","slug":"publicaciones","status":"publish","type":"page","link":"https:\/\/naturalezasociedadarte.artes.udelar.edu.uy\/?page_id=27","title":{"rendered":"Publicaciones"},"content":{"rendered":"\t\t<div data-elementor-type=\"wp-page\" data-elementor-id=\"27\" class=\"elementor elementor-27\">\n\t\t\t\t<div class=\"elementor-element elementor-element-4f05a5f e-flex e-con-boxed e-con e-parent\" data-id=\"4f05a5f\" data-element_type=\"container\">\n\t\t\t\t\t<div class=\"e-con-inner\">\n\t\t\t\t<div class=\"elementor-element elementor-element-78ad46e elementor-widget elementor-widget-heading\" data-id=\"78ad46e\" data-element_type=\"widget\" data-widget_type=\"heading.default\">\n\t\t\t\t<div class=\"elementor-widget-container\">\n\t\t\t\t\t<h2 class=\"elementor-heading-title elementor-size-default\">Publicaciones<\/h2>\t\t\t\t<\/div>\n\t\t\t\t<\/div>\n\t\t\t\t\t<\/div>\n\t\t\t\t<\/div>\n\t\t<div class=\"elementor-element elementor-element-ff215b1 e-flex e-con-boxed e-con e-parent\" data-id=\"ff215b1\" data-element_type=\"container\">\n\t\t\t\t\t<div class=\"e-con-inner\">\n\t\t<div class=\"elementor-element elementor-element-7232139 e-con-full e-flex e-con e-child\" data-id=\"7232139\" data-element_type=\"container\">\n\t\t\t\t<div class=\"elementor-element elementor-element-b2e33cf elementor-widget elementor-widget-image\" data-id=\"b2e33cf\" data-element_type=\"widget\" data-widget_type=\"image.default\">\n\t\t\t\t<div class=\"elementor-widget-container\">\n\t\t\t\t\t\t\t\t\t\t\t\t\t\t\t<img fetchpriority=\"high\" decoding=\"async\" width=\"597\" height=\"843\" src=\"https:\/\/naturalezasociedadarte.artes.udelar.edu.uy\/wp-content\/uploads\/2025\/08\/PortadaIntegralidadSobreRuedas.jpg\" class=\"attachment-large size-large wp-image-47\" alt=\"\" srcset=\"https:\/\/naturalezasociedadarte.artes.udelar.edu.uy\/wp-content\/uploads\/2025\/08\/PortadaIntegralidadSobreRuedas.jpg 597w, https:\/\/naturalezasociedadarte.artes.udelar.edu.uy\/wp-content\/uploads\/2025\/08\/PortadaIntegralidadSobreRuedas-212x300.jpg 212w\" sizes=\"(max-width: 597px) 100vw, 597px\" \/>\t\t\t\t\t\t\t\t\t\t\t\t\t\t\t<\/div>\n\t\t\t\t<\/div>\n\t\t\t\t<\/div>\n\t\t<div class=\"elementor-element elementor-element-fd4daff e-con-full e-flex e-con e-child\" data-id=\"fd4daff\" data-element_type=\"container\">\n\t\t\t\t<div class=\"elementor-element elementor-element-a0441e8 elementor-widget elementor-widget-text-editor\" data-id=\"a0441e8\" data-element_type=\"widget\" data-widget_type=\"text-editor.default\">\n\t\t\t\t<div class=\"elementor-widget-container\">\n\t\t\t\t\t\t\t\t\t<p><strong>Relaciones y v\u00ednculos entre animales en Malv\u00edn Norte (Montevideo, Uruguay): aprendizajes interdisciplinarios.<\/strong><\/p><p>Iribarne, P., L\u00f3pez de la Torre, A. L., \u00c1lvarez, A., Aguilar-Sosa, A. B., Mart\u00ednez, L., Corte, S., Torena, F., &amp; Ferreira, L. (2024). Relaciones y v\u00ednculos entre animales en Malv\u00edn Norte (Montevideo, Uruguay): aprendizajes interdisciplinarios. Integralidad Sobre Ruedas, 10(1), 44\u201370.<\/p><p>Link al art\u00edculo: <a href=\"https:\/\/doi.org\/10.37125\/ISR.10.1.04\" target=\"_blank\" rel=\"noopener\">https:\/\/doi.org\/10.37125\/ISR.10.1.04<\/a><\/p><p>Link a revista: <a href=\"https:\/\/ojs.fhce.edu.uy\/index.php\/insoru\/issue\/view\/160\" target=\"_blank\" rel=\"noopener\">https:\/\/ojs.fhce.edu.uy\/index.php\/insoru\/issue\/view\/160<\/a><\/p>\t\t\t\t\t\t\t\t<\/div>\n\t\t\t\t<\/div>\n\t\t\t\t<\/div>\n\t\t\t\t\t<\/div>\n\t\t\t\t<\/div>\n\t\t<div class=\"elementor-element elementor-element-1b50ead e-flex e-con-boxed e-con e-parent\" data-id=\"1b50ead\" data-element_type=\"container\">\n\t\t\t\t\t<div class=\"e-con-inner\">\n\t\t\t\t<div class=\"elementor-element elementor-element-1ba88fc elementor-widget-divider--view-line elementor-widget elementor-widget-divider\" data-id=\"1ba88fc\" data-element_type=\"widget\" data-widget_type=\"divider.default\">\n\t\t\t\t<div class=\"elementor-widget-container\">\n\t\t\t\t\t\t\t<div class=\"elementor-divider\">\n\t\t\t<span class=\"elementor-divider-separator\">\n\t\t\t\t\t\t<\/span>\n\t\t<\/div>\n\t\t\t\t\t\t<\/div>\n\t\t\t\t<\/div>\n\t\t\t\t\t<\/div>\n\t\t\t\t<\/div>\n\t\t<div class=\"elementor-element elementor-element-6e7aa30 e-flex e-con-boxed e-con e-parent\" data-id=\"6e7aa30\" data-element_type=\"container\">\n\t\t\t\t\t<div class=\"e-con-inner\">\n\t\t<div class=\"elementor-element elementor-element-0074316 e-con-full e-flex e-con e-child\" data-id=\"0074316\" data-element_type=\"container\">\n\t\t\t\t<div class=\"elementor-element elementor-element-ad0f000 elementor-widget elementor-widget-image\" data-id=\"ad0f000\" data-element_type=\"widget\" data-widget_type=\"image.default\">\n\t\t\t\t<div class=\"elementor-widget-container\">\n\t\t\t\t\t\t\t\t\t\t\t\t\t\t\t<img decoding=\"async\" width=\"727\" height=\"1024\" src=\"https:\/\/naturalezasociedadarte.artes.udelar.edu.uy\/wp-content\/uploads\/2025\/08\/PortadaAlmanaque2020Caballos-727x1024.png\" class=\"attachment-large size-large wp-image-51\" alt=\"\" srcset=\"https:\/\/naturalezasociedadarte.artes.udelar.edu.uy\/wp-content\/uploads\/2025\/08\/PortadaAlmanaque2020Caballos-727x1024.png 727w, https:\/\/naturalezasociedadarte.artes.udelar.edu.uy\/wp-content\/uploads\/2025\/08\/PortadaAlmanaque2020Caballos-213x300.png 213w, https:\/\/naturalezasociedadarte.artes.udelar.edu.uy\/wp-content\/uploads\/2025\/08\/PortadaAlmanaque2020Caballos-768x1082.png 768w, https:\/\/naturalezasociedadarte.artes.udelar.edu.uy\/wp-content\/uploads\/2025\/08\/PortadaAlmanaque2020Caballos.png 1165w\" sizes=\"(max-width: 727px) 100vw, 727px\" \/>\t\t\t\t\t\t\t\t\t\t\t\t\t\t\t<\/div>\n\t\t\t\t<\/div>\n\t\t\t\t<\/div>\n\t\t<div class=\"elementor-element elementor-element-107d47f e-con-full e-flex e-con e-child\" data-id=\"107d47f\" data-element_type=\"container\">\n\t\t\t\t<div class=\"elementor-element elementor-element-c146ea6 elementor-widget__width-initial elementor-widget elementor-widget-text-editor\" data-id=\"c146ea6\" data-element_type=\"widget\" data-widget_type=\"text-editor.default\">\n\t\t\t\t<div class=\"elementor-widget-container\">\n\t\t\t\t\t\t\t\t\t<p><strong>Almanaque 2021 La Bombonera<\/strong><\/p><p>Este almanaque es el resultado material del trabajo realizado en el Espacio de Formaci\u00f3n Integral \u201cNaturaleza, sociedad y arte: dibujo de animales\u201d. Este EFI reuni\u00f3 a docentes y estudiantes del Instituto Escuela Nacional de Bellas Artes, Facultad de Ciencias y Facultad de Veterinaria con vecinos y vecinas del barrio Boix y Merino, nucleados en la organizaci\u00f3n La Bombonera.<\/p><p>Equipo docente:<br \/>Facultad de Ciencias: Stefany Horta, Patricia Iribarne<br \/>IENBA: Ana Laura L\u00f3pez de la Torre, Sof\u00eda O\u00f1a, Mart\u00edn Verges<br \/>Facultad de Veterinaria: Marisol Barneche, Sof\u00eda Mendez<\/p><p>Docentes invitados:<br \/>Joaqu\u00edn Berriel Su\u00e1rez (Centro Barrial La Bombonera), Mar\u00eda Fernanda de Torres (Instituto Nacional de Investigaci\u00f3n en Agricultura y Ambiente, Francia), Sylvia Corte (Facultad de Ciencias)<\/p><p>Link al Almanaque: <a href=\"https:\/\/naturalezasociedadarte.artes.udelar.edu.uy\/wp-content\/uploads\/2025\/10\/Almanaque2020_Caballos.pdf\" target=\"_blank\" rel=\"noopener\">https:\/\/naturalezasociedadarte.artes.udelar.edu.uy\/wp-content\/uploads\/2025\/10\/Almanaque2020_Caballos.pdf<\/a><\/p>\t\t\t\t\t\t\t\t<\/div>\n\t\t\t\t<\/div>\n\t\t\t\t<\/div>\n\t\t\t\t\t<\/div>\n\t\t\t\t<\/div>\n\t\t<div class=\"elementor-element elementor-element-61a36ae e-flex e-con-boxed e-con e-parent\" data-id=\"61a36ae\" data-element_type=\"container\">\n\t\t\t\t\t<div class=\"e-con-inner\">\n\t\t\t\t<div class=\"elementor-element elementor-element-2f480a1 elementor-widget-divider--view-line elementor-widget elementor-widget-divider\" data-id=\"2f480a1\" data-element_type=\"widget\" data-widget_type=\"divider.default\">\n\t\t\t\t<div class=\"elementor-widget-container\">\n\t\t\t\t\t\t\t<div class=\"elementor-divider\">\n\t\t\t<span class=\"elementor-divider-separator\">\n\t\t\t\t\t\t<\/span>\n\t\t<\/div>\n\t\t\t\t\t\t<\/div>\n\t\t\t\t<\/div>\n\t\t\t\t\t<\/div>\n\t\t\t\t<\/div>\n\t\t<div class=\"elementor-element elementor-element-dec2799 e-flex e-con-boxed e-con e-parent\" data-id=\"dec2799\" data-element_type=\"container\">\n\t\t\t\t\t<div class=\"e-con-inner\">\n\t\t<div class=\"elementor-element elementor-element-fc57a6d e-con-full e-flex e-con e-child\" data-id=\"fc57a6d\" data-element_type=\"container\">\n\t\t\t\t<div class=\"elementor-element elementor-element-5771cf0 elementor-widget elementor-widget-image\" data-id=\"5771cf0\" data-element_type=\"widget\" data-widget_type=\"image.default\">\n\t\t\t\t<div class=\"elementor-widget-container\">\n\t\t\t\t\t\t\t\t\t\t\t\t\t\t\t<img decoding=\"async\" width=\"743\" height=\"1024\" src=\"https:\/\/naturalezasociedadarte.artes.udelar.edu.uy\/wp-content\/uploads\/2025\/10\/FolletoCC-743x1024.png\" class=\"attachment-large size-large wp-image-205\" alt=\"\" srcset=\"https:\/\/naturalezasociedadarte.artes.udelar.edu.uy\/wp-content\/uploads\/2025\/10\/FolletoCC-743x1024.png 743w, https:\/\/naturalezasociedadarte.artes.udelar.edu.uy\/wp-content\/uploads\/2025\/10\/FolletoCC-218x300.png 218w, https:\/\/naturalezasociedadarte.artes.udelar.edu.uy\/wp-content\/uploads\/2025\/10\/FolletoCC-768x1058.png 768w, https:\/\/naturalezasociedadarte.artes.udelar.edu.uy\/wp-content\/uploads\/2025\/10\/FolletoCC.png 890w\" sizes=\"(max-width: 743px) 100vw, 743px\" \/>\t\t\t\t\t\t\t\t\t\t\t\t\t\t\t<\/div>\n\t\t\t\t<\/div>\n\t\t\t\t<\/div>\n\t\t<div class=\"elementor-element elementor-element-c0307d3 e-con-full e-flex e-con e-child\" data-id=\"c0307d3\" data-element_type=\"container\">\n\t\t\t\t<div class=\"elementor-element elementor-element-eaebc06 elementor-widget__width-initial elementor-widget elementor-widget-text-editor\" data-id=\"eaebc06\" data-element_type=\"widget\" data-widget_type=\"text-editor.default\">\n\t\t\t\t<div class=\"elementor-widget-container\">\n\t\t\t\t\t\t\t\t\t<p><strong>Folleto Ciencia Ciudadana<\/strong><\/p><p>\u00a0<\/p><p>Realizado para el evento &#8220;Veni a descubrir aves e insectos en Malv\u00edn Norte&#8221; el s\u00e1bado 14 de octubre de 2023.<\/p><p>\u00a0<\/p><p>Introducci\u00f3n a la Ciencia Ciudadana: Aplicaciones NaturalistaUY y eBirds.<\/p><p>Avistamiento de aves e insectos.<\/p><p>Intercambio &#8211; Actividad art\u00edstica.<\/p><p>\u00a0<\/p><p>Link al Folleto: <a href=\"https:\/\/naturalezasociedadarte.artes.udelar.edu.uy\/wp-content\/uploads\/2025\/10\/FolletoCienCiudadana.pdf\" target=\"_blank\" rel=\"noopener\">https:\/\/naturalezasociedadarte.artes.udelar.edu.uy\/wp-content\/uploads\/2025\/10\/FolletoCienCiudadana.pdf<\/a><\/p>\t\t\t\t\t\t\t\t<\/div>\n\t\t\t\t<\/div>\n\t\t\t\t<\/div>\n\t\t\t\t\t<\/div>\n\t\t\t\t<\/div>\n\t\t\t\t<\/div>\n\t\t","protected":false},"excerpt":{"rendered":"<p>Publicaciones Relaciones y v\u00ednculos entre animales en Malv\u00edn Norte (Montevideo, Uruguay): aprendizajes interdisciplinarios. Iribarne, P., L\u00f3pez de la Torre, A. [&hellip;]<\/p>\n","protected":false},"author":2,"featured_media":0,"parent":0,"menu_order":0,"comment_status":"closed","ping_status":"closed","template":"","meta":{"site-sidebar-layout":"no-sidebar","site-content-layout":"","ast-site-content-layout":"full-width-container","site-content-style":"default","site-sidebar-style":"default","ast-global-header-display":"","ast-banner-title-visibility":"","ast-main-header-display":"","ast-hfb-above-header-display":"","ast-hfb-below-header-display":"","ast-hfb-mobile-header-display":"","site-post-title":"disabled","ast-breadcrumbs-content":"","ast-featured-img":"disabled","footer-sml-layout":"","theme-transparent-header-meta":"","adv-header-id-meta":"","stick-header-meta":"","header-above-stick-meta":"","header-main-stick-meta":"","header-below-stick-meta":"","astra-migrate-meta-layouts":"default","ast-page-background-enabled":"default","ast-page-background-meta":{"desktop":{"background-color":"var(--ast-global-color-5)","background-image":"","background-repeat":"repeat","background-position":"center center","background-size":"auto","background-attachment":"scroll","background-type":"","background-media":"","overlay-type":"","overlay-color":"","overlay-opacity":"","overlay-gradient":""},"tablet":{"background-color":"","background-image":"","background-repeat":"repeat","background-position":"center center","background-size":"auto","background-attachment":"scroll","background-type":"","background-media":"","overlay-type":"","overlay-color":"","overlay-opacity":"","overlay-gradient":""},"mobile":{"background-color":"","background-image":"","background-repeat":"repeat","background-position":"center center","background-size":"auto","background-attachment":"scroll","background-type":"","background-media":"","overlay-type":"","overlay-color":"","overlay-opacity":"","overlay-gradient":""}},"ast-content-background-meta":{"desktop":{"background-color":"var(--ast-global-color-4)","background-image":"","background-repeat":"repeat","background-position":"center center","background-size":"auto","background-attachment":"scroll","background-type":"","background-media":"","overlay-type":"","overlay-color":"","overlay-opacity":"","overlay-gradient":""},"tablet":{"background-color":"var(--ast-global-color-4)","background-image":"","background-repeat":"repeat","background-position":"center center","background-size":"auto","background-attachment":"scroll","background-type":"","background-media":"","overlay-type":"","overlay-color":"","overlay-opacity":"","overlay-gradient":""},"mobile":{"background-color":"var(--ast-global-color-4)","background-image":"","background-repeat":"repeat","background-position":"center center","background-size":"auto","background-attachment":"scroll","background-type":"","background-media":"","overlay-type":"","overlay-color":"","overlay-opacity":"","overlay-gradient":""}},"footnotes":""},"class_list":["post-27","page","type-page","status-publish","hentry"],"_links":{"self":[{"href":"https:\/\/naturalezasociedadarte.artes.udelar.edu.uy\/index.php?rest_route=\/wp\/v2\/pages\/27","targetHints":{"allow":["GET"]}}],"collection":[{"href":"https:\/\/naturalezasociedadarte.artes.udelar.edu.uy\/index.php?rest_route=\/wp\/v2\/pages"}],"about":[{"href":"https:\/\/naturalezasociedadarte.artes.udelar.edu.uy\/index.php?rest_route=\/wp\/v2\/types\/page"}],"author":[{"embeddable":true,"href":"https:\/\/naturalezasociedadarte.artes.udelar.edu.uy\/index.php?rest_route=\/wp\/v2\/users\/2"}],"replies":[{"embeddable":true,"href":"https:\/\/naturalezasociedadarte.artes.udelar.edu.uy\/index.php?rest_route=%2Fwp%2Fv2%2Fcomments&post=27"}],"version-history":[{"count":28,"href":"https:\/\/naturalezasociedadarte.artes.udelar.edu.uy\/index.php?rest_route=\/wp\/v2\/pages\/27\/revisions"}],"predecessor-version":[{"id":211,"href":"https:\/\/naturalezasociedadarte.artes.udelar.edu.uy\/index.php?rest_route=\/wp\/v2\/pages\/27\/revisions\/211"}],"wp:attachment":[{"href":"https:\/\/naturalezasociedadarte.artes.udelar.edu.uy\/index.php?rest_route=%2Fwp%2Fv2%2Fmedia&parent=27"}],"curies":[{"name":"wp","href":"https:\/\/api.w.org\/{rel}","templated":true}]}}