{"id":146,"date":"2025-10-14T16:02:21","date_gmt":"2025-10-14T16:02:21","guid":{"rendered":"https:\/\/naturalezasociedadarte.artes.udelar.edu.uy\/?page_id=146"},"modified":"2025-10-22T17:03:34","modified_gmt":"2025-10-22T17:03:34","slug":"divulgacion","status":"publish","type":"page","link":"https:\/\/naturalezasociedadarte.artes.udelar.edu.uy\/?page_id=146","title":{"rendered":"Divulgaci\u00f3n"},"content":{"rendered":"\t\t<div data-elementor-type=\"wp-page\" data-elementor-id=\"146\" class=\"elementor elementor-146\">\n\t\t\t\t<div class=\"elementor-element elementor-element-fe5427e e-flex e-con-boxed e-con e-parent\" data-id=\"fe5427e\" data-element_type=\"container\">\n\t\t\t\t\t<div class=\"e-con-inner\">\n\t\t\t\t<div class=\"elementor-element elementor-element-23479c0 elementor-widget elementor-widget-heading\" data-id=\"23479c0\" data-element_type=\"widget\" data-widget_type=\"heading.default\">\n\t\t\t\t<div class=\"elementor-widget-container\">\n\t\t\t\t\t<h2 class=\"elementor-heading-title elementor-size-default\">Conversatorios y Ponencias<\/h2>\t\t\t\t<\/div>\n\t\t\t\t<\/div>\n\t\t\t\t\t<\/div>\n\t\t\t\t<\/div>\n\t\t<div class=\"elementor-element elementor-element-28de1fe e-flex e-con-boxed e-con e-parent\" data-id=\"28de1fe\" data-element_type=\"container\">\n\t\t\t\t\t<div class=\"e-con-inner\">\n\t\t\t\t<div class=\"elementor-element elementor-element-505d4d1 elementor-widget__width-initial elementor-widget elementor-widget-image\" data-id=\"505d4d1\" data-element_type=\"widget\" data-widget_type=\"image.default\">\n\t\t\t\t<div class=\"elementor-widget-container\">\n\t\t\t\t\t\t\t\t\t\t\t\t\t\t\t<img fetchpriority=\"high\" decoding=\"async\" width=\"1024\" height=\"709\" src=\"https:\/\/naturalezasociedadarte.artes.udelar.edu.uy\/wp-content\/uploads\/2025\/10\/NaSoArtes-Ponencia-1024x709.jpg\" class=\"attachment-large size-large wp-image-151\" alt=\"\" srcset=\"https:\/\/naturalezasociedadarte.artes.udelar.edu.uy\/wp-content\/uploads\/2025\/10\/NaSoArtes-Ponencia-1024x709.jpg 1024w, https:\/\/naturalezasociedadarte.artes.udelar.edu.uy\/wp-content\/uploads\/2025\/10\/NaSoArtes-Ponencia-300x208.jpg 300w, https:\/\/naturalezasociedadarte.artes.udelar.edu.uy\/wp-content\/uploads\/2025\/10\/NaSoArtes-Ponencia-768x532.jpg 768w, https:\/\/naturalezasociedadarte.artes.udelar.edu.uy\/wp-content\/uploads\/2025\/10\/NaSoArtes-Ponencia.jpg 1040w\" sizes=\"(max-width: 1024px) 100vw, 1024px\" \/>\t\t\t\t\t\t\t\t\t\t\t\t\t\t\t<\/div>\n\t\t\t\t<\/div>\n\t\t<div class=\"elementor-element elementor-element-338ff09 e-con-full e-flex e-con e-child\" data-id=\"338ff09\" data-element_type=\"container\">\n\t\t\t\t<div class=\"elementor-element elementor-element-6edd70d elementor-widget elementor-widget-text-editor\" data-id=\"6edd70d\" data-element_type=\"widget\" data-widget_type=\"text-editor.default\">\n\t\t\t\t<div class=\"elementor-widget-container\">\n\t\t\t\t\t\t\t\t\t<p><strong>Conferencia \u00abNaturaleza, Sociedad y Arte: construyendo el Bestiario de Malv\u00edn Norte desde la extensi\u00f3n cr\u00edtica\u00bb<\/strong><br \/><strong>\ud83d\uddd3\ufe0f<\/strong>Martes 30 de setiembre, 19 h<br \/><strong>\ud83d\udccd<\/strong>Museo de Historia Natural Dr. Carlos A. Torres de la Llosa, Eduardo Acevedo 1427<\/p><p>Prentaci\u00f3n del proyecto Bestiario de Malv\u00edn Norte, dentro del ciclo 2025 <strong>\u00abConversando de nuestra fauna\u00bb<\/strong> organizado en conjunto entre el Museo de Historia Natural Dr. Carlos A. Torres de la Llosa y la Sociedad Zool\u00f3gica del Uruguay. Esta es una actividad de la Plataforma Integral Arte, Naturaleza y Sociedad, una de las tres plataformas de investigaci\u00f3n vinculadas al Taller L\u00f3pez de la Torre, Facultad de Artes.<\/p>\t\t\t\t\t\t\t\t<\/div>\n\t\t\t\t<\/div>\n\t\t\t\t<\/div>\n\t\t\t\t\t<\/div>\n\t\t\t\t<\/div>\n\t\t<div class=\"elementor-element elementor-element-d8d7feb e-flex e-con-boxed e-con e-parent\" data-id=\"d8d7feb\" data-element_type=\"container\">\n\t\t\t\t\t<div class=\"e-con-inner\">\n\t\t\t\t<div class=\"elementor-element elementor-element-7b8002b elementor-widget-divider--view-line elementor-widget elementor-widget-divider\" data-id=\"7b8002b\" data-element_type=\"widget\" data-widget_type=\"divider.default\">\n\t\t\t\t<div class=\"elementor-widget-container\">\n\t\t\t\t\t\t\t<div class=\"elementor-divider\">\n\t\t\t<span class=\"elementor-divider-separator\">\n\t\t\t\t\t\t<\/span>\n\t\t<\/div>\n\t\t\t\t\t\t<\/div>\n\t\t\t\t<\/div>\n\t\t\t\t\t<\/div>\n\t\t\t\t<\/div>\n\t\t<div class=\"elementor-element elementor-element-0c6a153 e-flex e-con-boxed e-con e-parent\" data-id=\"0c6a153\" data-element_type=\"container\">\n\t\t\t\t\t<div class=\"e-con-inner\">\n\t\t\t\t<div class=\"elementor-element elementor-element-4648307 elementor-widget__width-initial elementor-widget elementor-widget-image\" data-id=\"4648307\" data-element_type=\"widget\" data-widget_type=\"image.default\">\n\t\t\t\t<div class=\"elementor-widget-container\">\n\t\t\t\t\t\t\t\t\t\t\t\t\t\t\t<img decoding=\"async\" width=\"1024\" height=\"1024\" src=\"https:\/\/naturalezasociedadarte.artes.udelar.edu.uy\/wp-content\/uploads\/2025\/10\/IIColoquioPauloFreire-1024x1024.jpg\" class=\"attachment-large size-large wp-image-187\" alt=\"\" srcset=\"https:\/\/naturalezasociedadarte.artes.udelar.edu.uy\/wp-content\/uploads\/2025\/10\/IIColoquioPauloFreire-1024x1024.jpg 1024w, https:\/\/naturalezasociedadarte.artes.udelar.edu.uy\/wp-content\/uploads\/2025\/10\/IIColoquioPauloFreire-300x300.jpg 300w, https:\/\/naturalezasociedadarte.artes.udelar.edu.uy\/wp-content\/uploads\/2025\/10\/IIColoquioPauloFreire-150x150.jpg 150w, https:\/\/naturalezasociedadarte.artes.udelar.edu.uy\/wp-content\/uploads\/2025\/10\/IIColoquioPauloFreire-768x768.jpg 768w, https:\/\/naturalezasociedadarte.artes.udelar.edu.uy\/wp-content\/uploads\/2025\/10\/IIColoquioPauloFreire.jpg 1080w\" sizes=\"(max-width: 1024px) 100vw, 1024px\" \/>\t\t\t\t\t\t\t\t\t\t\t\t\t\t\t<\/div>\n\t\t\t\t<\/div>\n\t\t<div class=\"elementor-element elementor-element-b38e7ff e-con-full e-flex e-con e-child\" data-id=\"b38e7ff\" data-element_type=\"container\">\n\t\t\t\t<div class=\"elementor-element elementor-element-e40bf2f elementor-widget elementor-widget-text-editor\" data-id=\"e40bf2f\" data-element_type=\"widget\" data-widget_type=\"text-editor.default\">\n\t\t\t\t<div class=\"elementor-widget-container\">\n\t\t\t\t\t\t\t\t\t<p><strong>II Coloquio Internacional Paulo Freire, Educaci\u00f3n Popular: m\u00faltiples abordajes en el territorio.<\/strong><\/p><p>\ud83d\uddd3\ufe0fViernes 15 de setiembre 2023, 10:30 h<br \/>\ud83d\udccdPrograma APEX, Hait\u00ed 1606 y en el Parque Tecnol\u00f3gico Industrial, Hait\u00ed 1590<\/p><p>\u00a0<\/p><p>Eje 5. Educaci\u00f3n Popular Ambiental. Eje 6. Tierra y cuesti\u00f3n agraria. Mesa 6.<\/p><p>\u00a0<\/p><p>&#8220;Reflexiones sobre una estrategia de educaci\u00f3n popular ambiental para problematizar el v\u00ednculo entre animales en Malv\u00edn Norte&#8221;. Anal\u00eda \u00c1lvarez, Ana Bel\u00e9n Aguilar-Sosa, Ana Laura L\u00f3pez de la Torre y Patricia Iribarne.<\/p>\t\t\t\t\t\t\t\t<\/div>\n\t\t\t\t<\/div>\n\t\t\t\t<\/div>\n\t\t\t\t\t<\/div>\n\t\t\t\t<\/div>\n\t\t\t\t<\/div>\n\t\t","protected":false},"excerpt":{"rendered":"<p>Conversatorios y Ponencias Conferencia \u00abNaturaleza, Sociedad y Arte: construyendo el Bestiario de Malv\u00edn Norte desde la extensi\u00f3n cr\u00edtica\u00bb\ud83d\uddd3\ufe0fMartes 30 de [&hellip;]<\/p>\n","protected":false},"author":4,"featured_media":0,"parent":0,"menu_order":0,"comment_status":"closed","ping_status":"closed","template":"","meta":{"site-sidebar-layout":"no-sidebar","site-content-layout":"","ast-site-content-layout":"full-width-container","site-content-style":"default","site-sidebar-style":"default","ast-global-header-display":"","ast-banner-title-visibility":"","ast-main-header-display":"","ast-hfb-above-header-display":"","ast-hfb-below-header-display":"","ast-hfb-mobile-header-display":"","site-post-title":"disabled","ast-breadcrumbs-content":"","ast-featured-img":"disabled","footer-sml-layout":"","theme-transparent-header-meta":"","adv-header-id-meta":"","stick-header-meta":"","header-above-stick-meta":"","header-main-stick-meta":"","header-below-stick-meta":"","astra-migrate-meta-layouts":"default","ast-page-background-enabled":"default","ast-page-background-meta":{"desktop":{"background-color":"var(--ast-global-color-5)","background-image":"","background-repeat":"repeat","background-position":"center center","background-size":"auto","background-attachment":"scroll","background-type":"","background-media":"","overlay-type":"","overlay-color":"","overlay-opacity":"","overlay-gradient":""},"tablet":{"background-color":"","background-image":"","background-repeat":"repeat","background-position":"center center","background-size":"auto","background-attachment":"scroll","background-type":"","background-media":"","overlay-type":"","overlay-color":"","overlay-opacity":"","overlay-gradient":""},"mobile":{"background-color":"","background-image":"","background-repeat":"repeat","background-position":"center center","background-size":"auto","background-attachment":"scroll","background-type":"","background-media":"","overlay-type":"","overlay-color":"","overlay-opacity":"","overlay-gradient":""}},"ast-content-background-meta":{"desktop":{"background-color":"var(--ast-global-color-4)","background-image":"","background-repeat":"repeat","background-position":"center center","background-size":"auto","background-attachment":"scroll","background-type":"","background-media":"","overlay-type":"","overlay-color":"","overlay-opacity":"","overlay-gradient":""},"tablet":{"background-color":"var(--ast-global-color-4)","background-image":"","background-repeat":"repeat","background-position":"center center","background-size":"auto","background-attachment":"scroll","background-type":"","background-media":"","overlay-type":"","overlay-color":"","overlay-opacity":"","overlay-gradient":""},"mobile":{"background-color":"var(--ast-global-color-4)","background-image":"","background-repeat":"repeat","background-position":"center center","background-size":"auto","background-attachment":"scroll","background-type":"","background-media":"","overlay-type":"","overlay-color":"","overlay-opacity":"","overlay-gradient":""}},"footnotes":""},"class_list":["post-146","page","type-page","status-publish","hentry"],"_links":{"self":[{"href":"https:\/\/naturalezasociedadarte.artes.udelar.edu.uy\/index.php?rest_route=\/wp\/v2\/pages\/146","targetHints":{"allow":["GET"]}}],"collection":[{"href":"https:\/\/naturalezasociedadarte.artes.udelar.edu.uy\/index.php?rest_route=\/wp\/v2\/pages"}],"about":[{"href":"https:\/\/naturalezasociedadarte.artes.udelar.edu.uy\/index.php?rest_route=\/wp\/v2\/types\/page"}],"author":[{"embeddable":true,"href":"https:\/\/naturalezasociedadarte.artes.udelar.edu.uy\/index.php?rest_route=\/wp\/v2\/users\/4"}],"replies":[{"embeddable":true,"href":"https:\/\/naturalezasociedadarte.artes.udelar.edu.uy\/index.php?rest_route=%2Fwp%2Fv2%2Fcomments&post=146"}],"version-history":[{"count":16,"href":"https:\/\/naturalezasociedadarte.artes.udelar.edu.uy\/index.php?rest_route=\/wp\/v2\/pages\/146\/revisions"}],"predecessor-version":[{"id":230,"href":"https:\/\/naturalezasociedadarte.artes.udelar.edu.uy\/index.php?rest_route=\/wp\/v2\/pages\/146\/revisions\/230"}],"wp:attachment":[{"href":"https:\/\/naturalezasociedadarte.artes.udelar.edu.uy\/index.php?rest_route=%2Fwp%2Fv2%2Fmedia&parent=146"}],"curies":[{"name":"wp","href":"https:\/\/api.w.org\/{rel}","templated":true}]}}